et y be 0 + 4 - (-9 + 11). Let w(f) = f. Let v be w(3). Let q(t) = 3 + 3*t**3 + t**2 + t**3 - 4*t**3 - v*t + t**3. Calculate q(y).
9
Let h(t) = -t - t - 12 + 6*t + 9 + 11. Give h(-8).
-24
Let a(o) = -1 + 58*o - 31*o - 33*o - o**2 + 2. Give a(-7).
-6
Let s(v) = 32 + v**2 + 33 + 4*v - 103 + 29. Determine s(-8).
23
Let f = 22 + -19. Let l be 4/(-6) + 11/f. Let v(c) = -c**l + 2*c + 5 - 9 - 6*c**2 + 12. Calculate v(-6).
-4
Let b(k) = -k**2 - 9*k. Let v be 14/(-18) - -1 - 244/(-36). Let o = v + -15. Determine b(o).
8
Suppose -3*s + 3*u + 24 = 0, 3 + 1 = -u. Let y(p) be the third derivative of -p**6/120 + p**5/20 + p**4/8 + p**3/3 - 2*p**2. Give y(s).
-2
Let j(h) = -2*h - 22*h + 21*h. Calculate j(-5).
15
Let g(t) = 3*t**2 - 11*t + 9. Let h be g(4). Let x(o) = -19*o + h - 15*o + 58*o - 22*o. Calculate x(-9).
-5
Let x = -731 - -733. Let i(q) = q**2. Let z(k) = 0*k**3 + k**3 - 2*k + k + 5*k**2. Let p(u) = x*i(u) - z(u). Give p(-3).
-3
Let y(x) be the first derivative of 3*x**2 + 1. Let l = -8629 - -8627. Determine y(l).
-12
Let v(b) be the third derivative of 0*b - 2*b**2 - 1/60*b**5 + 0 + 1/6*b**4 - 2/3*b**3. Let u be v(3). Let s(a) = -2*a - 1. Give s(u).
1
Let a(c) = c**2 - 5*c. Let h be a(5). Let w(j) = -j + 3*j - 1 - 3 + h*j. Give w(3).
2
Let k(v) = v**3 - 5*v**2 - 3*v + 4. Suppose 3 = 2*j - 9. Calculate k(j).
22
Let y(l) be the first derivative of -l**2/2 - 8*l - 167. Let u(c) = c**3 - 2*c**2 - 2*c. Let k be u(2). What is y(k)?
-4
Let b(s) = -s**3 - 7*s**2 + 2. Let j be b(-7). Let r(h) = -2*h**2 - 1 + 2*h**3 + h - 10*h**3 + h**3 + 8*h**3. Give r(j).
1
Let o(k) = 2*k - 4. Let g be o(3). Let f(p) = 10 + g*p - 13*p + 9*p. Determine f(8).
-6
Let d(t) = 2*t**2 + t - 2. Let g be d(2). Let a(c) be the first derivative of c**4/4 - 3*c**3 + 4*c**2 + 7*c + 19. Give a(g).
7
Let g(a) = -a - 16. Let j(d) = 12*d - 139. Let v be j(11). Calculate g(v).
-9
Let z(x) be the first derivative of 4*x - 2*x**2 - 1/3*x**3 + 10. Determine z(-3).
7
Let w(j) = j + 1. Let m(z) = -2. Let c(l) = -5*m(l) + w(l). Let i(b) = -b - 21. Let s(v) = -7*c(v) - 4*i(v). Calculate s(4).
-5
Let m(t) = 9*t - 1. Let f(l) = 2*l + 1. Let q(d) = -5*f(d) + m(d). What is q(-16)?
10
Let f(v) = v. Let i(q) = q**2 + 10*q + 8. Let u(o) = -2*f(o) + i(o). Suppose 28 + 20 = -8*l. Calculate u(l).
-4
Let g(r) = -3*r + 0*r**2 + 6*r + 2 - 2*r**2 + 7 + 3*r**2. Determine g(-9).
63
Let a(o) = 6*o**3 - 3*o**2 + o - 2. Let h = 380 + -378. Give a(h).
36
Let f(u) = -2*u + 5. Suppose -2*c + 5*y - 2 + 3 = 0, 0 = -2*y + 2. Let n be -14*((-10)/(-4) - c). Determine f(n).
-9
Let w(b) = -4*b**3 + 9*b**2 + 8*b - 3. Let j(s) = -s**3 + 2*s**2 + s + 1. Let u(p) = 3*j(p) - w(p). What is u(4)?
2
Let q(m) be the first derivative of m**3/3 + 5*m**2 + 2*m + 766. Give q(-9).
-7
Let o(j) = j**2 + 10*j + 10. Suppose 257*t - 63 = 264*t. What is o(t)?
1
Let s(w) = -2*w**2 + 10*w - 1. Let i(k) = k**2 - k**2 - 2*k + 3*k**2 + 1 - 13*k. Let r(u) = -5*i(u) - 8*s(u). Suppose 5*o - 16 = 9. Calculate r(o).
3
Let v(y) = -y**3 - 13*y**2 - 20*y + 24. Let t be v(-11). Let h(j) = 2*j**2 - 2*j + 6 - 3 + t - 3. What is h(2)?
6
Let u(f) = -73317*f**2 + 2 + 73311*f**2 + 3*f**3 - 3*f - f**3. Give u(3).
-7
Let c(d) be the third derivative of -d**5/60 - d**4/24 + d**3/6 + 167*d**2. Suppose 5*m = -4 + 24. Suppose -x = -4*b + 18, 5*b - 17 = m*x - 0*b. What is c(x)?
-5
Let l = -10 - -5. Let b(w) be the second derivative of -9*w - 2/3*w**3 + 0 + 1/2*w**2 - 1/12*w**4. Determine b(l).
-4
Let d(r) = -5 + r**2 + 2*r + 0 + 2*r. Let q(p) = 2*p**2 + 38*p - 46. Let b be q(-20). Determine d(b).
7
Suppose -4*n - 12 = -8*n. Let t be (n/(-3))/(-1) + 5. Let o(d) = -d**2 + 7*d - 3. Calculate o(t).
3
Let t(m) = 3*m + 30. Let i = 16 + -24. Let y(c) = 2*c + 20. Let k(w) = i*y(w) + 5*t(w). Let u(d) = -d**2 + 1. Let f be u(1). Calculate k(f).
-10
Let d(t) = -t + 1. Let h = 546 - 547. Give d(h).
2
Suppose 0*p + 24 = 4*p. Let q(r) = -7*r**2 - p*r + 2*r + 7 - r**3 + 4*r**3 - 4*r**3. Calculate q(-6).
-5
Let s(r) be the second derivative of -r**5/20 + 3*r**4/4 + 3*r**3/2 + 11*r**2/2 - 92*r. Calculate s(10).
1
Suppose -1 = -3*v + 4*n, -4*v + 8*n - 12 = 6*n. Let t(k) be the first derivative of k**3/3 + 4*k**2 + 6*k - 5. Calculate t(v).
-9
Let h(a) = -5*a**2 - 4*a - 4. Let w(x) = -4*x**2 - 3*x - 4. Let d(l) = 2*h(l) - 3*w(l). Let t(u) be the first derivative of d(u). Calculate t(-4).
-15
Let b be (6 - (-1 + 1))/(2 + -4). Let s(v) = -v**2 - 3*v - 1. What is s(b)?
-1
Suppose 2*c = -4*c - 12. Let n(w) = w**2 - 2*w - 5. Let i(q) = -q**2 + q + 5. Let z(g) = c*n(g) - 3*i(g). Give z(-4).
7
Let k(d) be the first derivative of -6 + 1/24*d**4 + 0*d + 3*d**2 + 0*d**3. Let f(t) be the second derivative of k(t). Give f(-1).
-1
Let s(g) = 0*g - 5 + 13 + 2*g - g. Let d(z) = -2*z + 1. Let k be d(4). Determine s(k).
1
Let n(q) be the second derivative of 4*q**3/3 - q**2/2 + 25*q. Let i(c) = 7*c - 1. Let w(k) = 7*i(k) - 6*n(k). Determine w(2).
1
Let v(u) = -u**2 - 4*u + 1. Let t = -4 + 8. Suppose t*f + 4 = -12. Let y be 144/(-40) - f/(-10). Calculate v(y).
1
Let b(d) = -1 - 12*d - 3*d**2 + 2*d**2 - d**2. Let v be b(-6). Let q(s) = -s**2. Determine q(v).
-1
Let g = -4 + 6. Let k(b) = -5*b**3 - 11*b**2 + 3*b**3 + b - g - 13 + 3*b**3. Let s be k(11). Let j(w) = -w**3 - 5*w**2 - 3*w - 2. Give j(s).
-6
Let m(v) = -v**3 + 2*v**2 + v - 1. Let h(u) = -u**3 - 11*u**2 + 14*u + 27. Let x be h(-12). Suppose -4*l = -x*l - 2. What is m(l)?
1
Let u(f) = -f**3 + 4*f**2 - 4*f + 4. Suppose 5*n - 2*r - 40 = 0, 3*r = n - r - 8. Let q be (-1 - -2)*(0 - 5). Let s = n + q. Calculate u(s).
1
Let d be 4 + 3 - (-2 + (-6 - -10)). Let g(k) = -7*k - 7. Let r(p) = 8*p + 7. Let w be (-6)/(1 - 2 - 0). Let c(o) = w*r(o) + 7*g(o). Calculate c(d).
-12
Let u = 273 - 87. Let t(i) = -i + 180 + 7*i - u - i. Calculate t(5).
19
Suppose 8*d = 4*d + 20, 0 = 2*c - d + 13. Let q = c + 5. Let m(l) = 9*l**3 + l. Give m(q).
10
Let k = 2 + 1. Let t be (9/21)/(1/7). Let c(n) = -t*n - 2*n - n**2 + 8*n + 0*n**2. Determine c(k).
0
Let s(q) be the third derivative of -q**5/20 - 7*q**4/8 - 11*q**3/6 + 109*q**2 - 3. Calculate s(-6).
7
Let i(j) be the third derivative of -j**6/120 - 7*j**5/60 + 3*j**4/8 - 4*j**3/3 - 274*j**2 + 2*j. Determine i(-8).
-16
Let w(k) be the first derivative of -k**3/3 - 3*k**2/2 + 2*k + 6. Let n be w(-3). Let c(f) = f**2 + 3*f - 3. Determine c(n).
7
Suppose 38 = -2*g - 12. Let y = -21 - g. Let z be -1*y + (-3)/(-1). Let f(w) = 6*w**3. Determine f(z).
-6
Let u = -62 - -26. Let p be -6*8/u*3. Let l(a) = a - 4. Give l(p).
0
Let f(i) = -i - 5. Suppose -4*y - 69 = w, 0 = -5*y + 2*w - 41 - 29. Let r = 5 + y. Let l = r + 7. Determine f(l).
-1
Let r(s) = 5*s - 51. Let z(q) = 70*q - 720. Let n(l) = -85*r(l) + 6*z(l). Calculate n(4).
-5
Let d(h) be the first derivative of h**3/3 + 7*h**2 + h + 999. Give d(-14).
1
Let m(t) be the second derivative of -t**4/6 - t**3/3 - t**2 - 954*t. Let w = 4 + -6. Determine m(w).
-6
Suppose 4*d + 52 - 64 = 0. Let k(f) be the second derivative of -f**d + 1/2*f**4 - 1/20*f**5 + 0 + 1/2*f**2 - 7*f. Give k(4).
9
Suppose 0 = 4*z - 4, 3*z = -2*g - 0*g + 9. Let x(a) = -45*a**3 + 44*a**3 - 3*a + 11 + 2*a - 7 + 3*a**2. Calculate x(g).
1
Let t(w) = -w**3 - 3*w**2 + w - 4. Let a be t(-3). Let g(q) be the first derivative of q**3/3 + 7*q**2/2 + 3*q + 4013. Give g(a).
3
Let m = 14 - 24. Let f = -14 - m. Let x(r) = r**3 + 4*r**2 - 3*r - 1. Let g(l) = -l + 1. Let j(d) = -3*g(d) + x(d). Determine j(f).
-4
Let h(z) = -2*z - 2. Let s be h(-6). Let p be (4/s)/((-4)/(-40)). Let t(l) = -2*l + 5. Calculate t(p).
-3
Let h(n) = -n**3 - 27*n**2 + 2*n + 61. Let l be h(-27). Let q(s) = -s**3 + 8*s**2 - 8*s + 1. Give q(l).
-6
Let x = 121 - 118. Let v(d) = 9 + 7*d + 468*d**x + 7*d**2 + 2 - 469*d**3. Calculate v(8).
3
Let n = 5 + 62. Let r(b) = n*b**2 - 72*b**2 + b**3 - 4*b - 2*b + 5. Determine r(6).
5
Let h be 18/8 + (-2)/8. Let r(i) = -3*i**2 - 4*i - 6. Let z(l) = l**2 + 3*l + 2. Let q(j) = -r(j) - 2*z(j). Calculate q(h).
2
Let n(l) = -3 + 2*l**2 + 1 + 0 - 3*l + 4*l - 4*l. Let x = -13 - -8. Let z be (-12)/(-10)*x/(-2). What is n(z)?
7
Let b(g) = -4*g**2 + 14*g + 9. Let u be b(4). Let q(i) = -5*i**2. Determine q(u).
-5
Let f(u) be the second derivative of u**4/12 - u**3 - u**2 - 834*u. Let o(p) = -2*p - 4. Let z be o(-4). Determine